{"id":226,"date":"2022-01-19T21:42:34","date_gmt":"2022-01-19T21:42:34","guid":{"rendered":"http:\/\/www.web-korki.pl\/?page_id=226"},"modified":"2024-04-29T21:21:43","modified_gmt":"2024-04-29T21:21:43","slug":"historia-fundacji","status":"publish","type":"page","link":"https:\/\/www.web-korki.pl\/index.php\/historia-fundacji\/","title":{"rendered":"HISTORIA FUNDACJI"},"content":{"rendered":"<p style=\"text-align: justify;\">Od sierpnia 2020r. do listopada 2021r. dzia\u0142ali\u015bmy jako projekt spo\u0142eczny &#8222;Web-Korki&#8221;, realizowany w ramach olimpiady projekt\u00f3w spo\u0142ecznych \u201eZwolnieni z Teorii\u201d, od grudnia 2021r. jeste\u015bmy fundacj\u0105, kt\u00f3rej celem jest niesienie pomocy w edukacji dzieciom z dom\u00f3w dziecka oraz pieczy zast\u0119pczej.<\/p>\n<p style=\"text-align: justify;\">Pomys\u0142odawczyni\u0105 projektu oraz za\u0142o\u017cycielk\u0105 i prezesk\u0105 naszej Fundacji jest 25-letnia Olga Kotyk, kt\u00f3rej dzia\u0142alno\u015b\u0107 spo\u0142eczna jest ogromn\u0105 pasj\u0105. Na swoim koncie ma mi\u0119dzy innymi wolontariat w Domu Opieki Spo\u0142ecznej, organizacj\u0119 targ\u00f3w pracy, praktyk i sta\u017cy \u201eDni Kariery\u201d oraz zagraniczny wolontariat na Sri Lance.<\/p>\n<p style=\"text-align: justify;\">W momencie powstawania inicjatywy, nie funkcjonowa\u0142a \u017cadna inna fundacja ani grupa nieformalna, kt\u00f3rej dzia\u0142ania skupia\u0142yby si\u0119 na regularnych korepetycjach online dla dzieci z dom\u00f3w dziecka oraz pieczy zast\u0119pczej, dlatego te\u017c postanowili\u015bmy t\u0119 luk\u0119 zape\u0142ni\u0107.<\/p>\n<p style=\"text-align: justify;\">Chcemy tworzy\u0107 miejsce , w kt\u00f3rym dzieci s\u0105 zaopiekowane przez swoich wolontariuszy, a wolontariusze przez Fundacj\u0119, dlatego te\u017c od marca 2021r. pr\u0119\u017cnie dzia\u0142a program rozwojowy dla wszystkich os\u00f3b, kt\u00f3re regularnie dzia\u0142aj\u0105 w Fundacji.<\/p>\n<p style=\"text-align: justify;\">Dzi\u0119ki formie pomocy online, mo\u017cemy dotrze\u0107 do ka\u017cdego domu dziecka, kt\u00f3re potrzebuje wsparcia, a ka\u017cde dziecko mo\u017ce zosta\u0107 przydzielone do najbardziej odpowiedniego dla niego korepetytora, bez wzgl\u0119du na dziel\u0105ca ich odleg\u0142o\u015b\u0107. W naszych szeregach mamy korepetytor\u00f3w z takich kraj\u00f3w jak: Polska, Hiszpania, Francja, Szwajcaria, Norwegia, Szwecja, Niemcy, Wielka Brytania czy USA, ponadto forma online umo\u017cliwia sprawn\u0105 realizacj\u0119 zast\u0119pstw, organizowanych po to aby \u017caden ucze\u0144 nie traci\u0142 zaj\u0119\u0107.<\/p>\n<p style=\"text-align: justify;\">Ju\u017c w ci\u0105gu pierwszych 10 miesi\u0119cy dzia\u0142alno\u015bci przeprowadzili\u015bmy ponad 2200 lekcji, a do akcji do\u0142\u0105czy\u0142o 100 os\u00f3b.<\/p>\n<p><img loading=\"lazy\" decoding=\"async\" class=\"alignnone size-full wp-image-314\" src=\"http:\/\/www.web-korki.pl\/wp-content\/uploads\/2022\/01\/E5FDE421-064D-4222-BC1F-1724849EBC52-2-scaled.jpeg\" alt=\"\" width=\"2560\" height=\"1707\" srcset=\"https:\/\/www.web-korki.pl\/wp-content\/uploads\/2022\/01\/E5FDE421-064D-4222-BC1F-1724849EBC52-2-scaled.jpeg 2560w, https:\/\/www.web-korki.pl\/wp-content\/uploads\/2022\/01\/E5FDE421-064D-4222-BC1F-1724849EBC52-2-300x200.jpeg 300w\" sizes=\"auto, (max-width: 2560px) 100vw, 2560px\" \/><\/p>\n<p>\u00a0<\/p>\n\n\n<figure class=\"wp-block-gallery columns-0 is-cropped wp-block-gallery-1 is-layout-flex wp-block-gallery-is-layout-flex\"><ul class=\"blocks-gallery-grid\"><\/ul><\/figure>\n","protected":false},"excerpt":{"rendered":"<p>Od sierpnia 2020r. do listopada 2021r. dzia\u0142ali\u015bmy jako projekt spo\u0142eczny &#8222;Web-Korki&#8221;, realizowany w ramach olimpiady projekt\u00f3w spo\u0142ecznych \u201eZwolnieni z Teorii\u201d,<\/p>\n<p><a href=\"https:\/\/www.web-korki.pl\/index.php\/historia-fundacji\/\" class=\"more-link\">Zobacz wi\u0119cej<span class=\"screen-reader-text\">HISTORIA FUNDACJI<\/span><\/a><\/p>\n","protected":false},"author":1,"featured_media":0,"parent":0,"menu_order":0,"comment_status":"closed","ping_status":"closed","template":"","meta":{"footnotes":""},"class_list":["post-226","page","type-page","status-publish","hentry"],"yoast_head":"<!-- This site is optimized with the Yoast SEO plugin v17.9 - https:\/\/yoast.com\/wordpress\/plugins\/seo\/ -->\n<title>HISTORIA FUNDACJI - Fundacja Web-korki<\/title>\n<meta name=\"description\" content=\"Pomys\u0142odawczyni\u0105 projektu oraz za\u0142o\u017cycielk\u0105 i prezesk\u0105 naszej Fundacji jest 25-letnia Olga Kotyk, pasjonatka dzia\u0142alno\u015bci spo\u0142ecznej.\" \/>\n<meta name=\"robots\" content=\"index, follow, max-snippet:-1, max-image-preview:large, max-video-preview:-1\" \/>\n<link rel=\"canonical\" href=\"https:\/\/www.web-korki.pl\/index.php\/historia-fundacji\/\" \/>\n<meta property=\"og:locale\" content=\"pl_PL\" \/>\n<meta property=\"og:type\" content=\"article\" \/>\n<meta property=\"og:title\" content=\"HISTORIA FUNDACJI - Fundacja Web-korki\" \/>\n<meta property=\"og:description\" content=\"Pomys\u0142odawczyni\u0105 projektu oraz za\u0142o\u017cycielk\u0105 i prezesk\u0105 naszej Fundacji jest 25-letnia Olga Kotyk, pasjonatka dzia\u0142alno\u015bci spo\u0142ecznej.\" \/>\n<meta property=\"og:url\" content=\"https:\/\/www.web-korki.pl\/index.php\/historia-fundacji\/\" \/>\n<meta property=\"og:site_name\" content=\"Fundacja Web-korki\" \/>\n<meta property=\"article:modified_time\" content=\"2024-04-29T21:21:43+00:00\" \/>\n<meta property=\"og:image\" content=\"http:\/\/www.web-korki.pl\/wp-content\/uploads\/2022\/01\/E5FDE421-064D-4222-BC1F-1724849EBC52-2-scaled.jpeg\" \/>\n<meta name=\"twitter:card\" content=\"summary_large_image\" \/>\n<meta name=\"twitter:label1\" content=\"Szacowany czas czytania\" \/>\n\t<meta name=\"twitter:data1\" content=\"2 minuty\" \/>\n<script type=\"application\/ld+json\" class=\"yoast-schema-graph\">{\"@context\":\"https:\/\/schema.org\",\"@graph\":[{\"@type\":\"WebSite\",\"@id\":\"https:\/\/www.web-korki.pl\/#website\",\"url\":\"https:\/\/www.web-korki.pl\/\",\"name\":\"Fundacja Web-korki\",\"description\":\"PODARUJMY DZIECIOM SW\\u00d3J CZAS\",\"potentialAction\":[{\"@type\":\"SearchAction\",\"target\":{\"@type\":\"EntryPoint\",\"urlTemplate\":\"https:\/\/www.web-korki.pl\/?s={search_term_string}\"},\"query-input\":\"required name=search_term_string\"}],\"inLanguage\":\"pl-PL\"},{\"@type\":\"ImageObject\",\"@id\":\"https:\/\/www.web-korki.pl\/index.php\/historia-fundacji\/#primaryimage\",\"inLanguage\":\"pl-PL\",\"url\":\"http:\/\/www.web-korki.pl\/wp-content\/uploads\/2022\/01\/E5FDE421-064D-4222-BC1F-1724849EBC52-2-scaled.jpeg\",\"contentUrl\":\"http:\/\/www.web-korki.pl\/wp-content\/uploads\/2022\/01\/E5FDE421-064D-4222-BC1F-1724849EBC52-2-scaled.jpeg\"},{\"@type\":\"WebPage\",\"@id\":\"https:\/\/www.web-korki.pl\/index.php\/historia-fundacji\/#webpage\",\"url\":\"https:\/\/www.web-korki.pl\/index.php\/historia-fundacji\/\",\"name\":\"HISTORIA FUNDACJI - Fundacja Web-korki\",\"isPartOf\":{\"@id\":\"https:\/\/www.web-korki.pl\/#website\"},\"primaryImageOfPage\":{\"@id\":\"https:\/\/www.web-korki.pl\/index.php\/historia-fundacji\/#primaryimage\"},\"datePublished\":\"2022-01-19T21:42:34+00:00\",\"dateModified\":\"2024-04-29T21:21:43+00:00\",\"description\":\"Pomys\\u0142odawczyni\\u0105 projektu oraz za\\u0142o\\u017cycielk\\u0105 i prezesk\\u0105 naszej Fundacji jest 25-letnia Olga Kotyk, pasjonatka dzia\\u0142alno\\u015bci spo\\u0142ecznej.\",\"breadcrumb\":{\"@id\":\"https:\/\/www.web-korki.pl\/index.php\/historia-fundacji\/#breadcrumb\"},\"inLanguage\":\"pl-PL\",\"potentialAction\":[{\"@type\":\"ReadAction\",\"target\":[\"https:\/\/www.web-korki.pl\/index.php\/historia-fundacji\/\"]}]},{\"@type\":\"BreadcrumbList\",\"@id\":\"https:\/\/www.web-korki.pl\/index.php\/historia-fundacji\/#breadcrumb\",\"itemListElement\":[{\"@type\":\"ListItem\",\"position\":1,\"name\":\"Strona g\\u0142\\u00f3wna\",\"item\":\"https:\/\/www.web-korki.pl\/\"},{\"@type\":\"ListItem\",\"position\":2,\"name\":\"HISTORIA FUNDACJI\"}]}]}<\/script>\n<!-- \/ Yoast SEO plugin. -->","yoast_head_json":{"title":"HISTORIA FUNDACJI - Fundacja Web-korki","description":"Pomys\u0142odawczyni\u0105 projektu oraz za\u0142o\u017cycielk\u0105 i prezesk\u0105 naszej Fundacji jest 25-letnia Olga Kotyk, pasjonatka dzia\u0142alno\u015bci spo\u0142ecznej.","robots":{"index":"index","follow":"follow","max-snippet":"max-snippet:-1","max-image-preview":"max-image-preview:large","max-video-preview":"max-video-preview:-1"},"canonical":"https:\/\/www.web-korki.pl\/index.php\/historia-fundacji\/","og_locale":"pl_PL","og_type":"article","og_title":"HISTORIA FUNDACJI - Fundacja Web-korki","og_description":"Pomys\u0142odawczyni\u0105 projektu oraz za\u0142o\u017cycielk\u0105 i prezesk\u0105 naszej Fundacji jest 25-letnia Olga Kotyk, pasjonatka dzia\u0142alno\u015bci spo\u0142ecznej.","og_url":"https:\/\/www.web-korki.pl\/index.php\/historia-fundacji\/","og_site_name":"Fundacja Web-korki","article_modified_time":"2024-04-29T21:21:43+00:00","og_image":[{"url":"http:\/\/www.web-korki.pl\/wp-content\/uploads\/2022\/01\/E5FDE421-064D-4222-BC1F-1724849EBC52-2-scaled.jpeg"}],"twitter_card":"summary_large_image","twitter_misc":{"Szacowany czas czytania":"2 minuty"},"schema":{"@context":"https:\/\/schema.org","@graph":[{"@type":"WebSite","@id":"https:\/\/www.web-korki.pl\/#website","url":"https:\/\/www.web-korki.pl\/","name":"Fundacja Web-korki","description":"PODARUJMY DZIECIOM SW\u00d3J CZAS","potentialAction":[{"@type":"SearchAction","target":{"@type":"EntryPoint","urlTemplate":"https:\/\/www.web-korki.pl\/?s={search_term_string}"},"query-input":"required name=search_term_string"}],"inLanguage":"pl-PL"},{"@type":"ImageObject","@id":"https:\/\/www.web-korki.pl\/index.php\/historia-fundacji\/#primaryimage","inLanguage":"pl-PL","url":"http:\/\/www.web-korki.pl\/wp-content\/uploads\/2022\/01\/E5FDE421-064D-4222-BC1F-1724849EBC52-2-scaled.jpeg","contentUrl":"http:\/\/www.web-korki.pl\/wp-content\/uploads\/2022\/01\/E5FDE421-064D-4222-BC1F-1724849EBC52-2-scaled.jpeg"},{"@type":"WebPage","@id":"https:\/\/www.web-korki.pl\/index.php\/historia-fundacji\/#webpage","url":"https:\/\/www.web-korki.pl\/index.php\/historia-fundacji\/","name":"HISTORIA FUNDACJI - Fundacja Web-korki","isPartOf":{"@id":"https:\/\/www.web-korki.pl\/#website"},"primaryImageOfPage":{"@id":"https:\/\/www.web-korki.pl\/index.php\/historia-fundacji\/#primaryimage"},"datePublished":"2022-01-19T21:42:34+00:00","dateModified":"2024-04-29T21:21:43+00:00","description":"Pomys\u0142odawczyni\u0105 projektu oraz za\u0142o\u017cycielk\u0105 i prezesk\u0105 naszej Fundacji jest 25-letnia Olga Kotyk, pasjonatka dzia\u0142alno\u015bci spo\u0142ecznej.","breadcrumb":{"@id":"https:\/\/www.web-korki.pl\/index.php\/historia-fundacji\/#breadcrumb"},"inLanguage":"pl-PL","potentialAction":[{"@type":"ReadAction","target":["https:\/\/www.web-korki.pl\/index.php\/historia-fundacji\/"]}]},{"@type":"BreadcrumbList","@id":"https:\/\/www.web-korki.pl\/index.php\/historia-fundacji\/#breadcrumb","itemListElement":[{"@type":"ListItem","position":1,"name":"Strona g\u0142\u00f3wna","item":"https:\/\/www.web-korki.pl\/"},{"@type":"ListItem","position":2,"name":"HISTORIA FUNDACJI"}]}]}},"_links":{"self":[{"href":"https:\/\/www.web-korki.pl\/index.php\/wp-json\/wp\/v2\/pages\/226","targetHints":{"allow":["GET"]}}],"collection":[{"href":"https:\/\/www.web-korki.pl\/index.php\/wp-json\/wp\/v2\/pages"}],"about":[{"href":"https:\/\/www.web-korki.pl\/index.php\/wp-json\/wp\/v2\/types\/page"}],"author":[{"embeddable":true,"href":"https:\/\/www.web-korki.pl\/index.php\/wp-json\/wp\/v2\/users\/1"}],"replies":[{"embeddable":true,"href":"https:\/\/www.web-korki.pl\/index.php\/wp-json\/wp\/v2\/comments?post=226"}],"version-history":[{"count":8,"href":"https:\/\/www.web-korki.pl\/index.php\/wp-json\/wp\/v2\/pages\/226\/revisions"}],"predecessor-version":[{"id":1345,"href":"https:\/\/www.web-korki.pl\/index.php\/wp-json\/wp\/v2\/pages\/226\/revisions\/1345"}],"wp:attachment":[{"href":"https:\/\/www.web-korki.pl\/index.php\/wp-json\/wp\/v2\/media?parent=226"}],"curies":[{"name":"wp","href":"https:\/\/api.w.org\/{rel}","templated":true}]}}

<p style="text-align: justify;">Od sierpnia 2020r. do listopada 2021r. działaliśmy jako projekt społeczny &#8222;Web-Korki&#8221;, realizowany w ramach olimpiady projektów społecznych „Zwolnieni z Teorii”, od grudnia 2021r. jesteśmy fundacją, której celem jest niesienie pomocy w edukacji dzieciom z domów dziecka oraz pieczy zastępczej.</p>
<p style="text-align: justify;">Pomysłodawczynią projektu oraz założycielką i prezeską naszej Fundacji jest 25-letnia Olga Kotyk, której działalność społeczna jest ogromną pasją. Na swoim koncie ma między innymi wolontariat w Domu Opieki Społecznej, organizację targów pracy, praktyk i staży „Dni Kariery” oraz zagraniczny wolontariat na Sri Lance.</p>
<p style="text-align: justify;">W momencie powstawania inicjatywy, nie funkcjonowała żadna inna fundacja ani grupa nieformalna, której działania skupiałyby się na regularnych korepetycjach online dla dzieci z domów dziecka oraz pieczy zastępczej, dlatego też postanowiliśmy tę lukę zapełnić.</p>
<p style="text-align: justify;">Chcemy tworzyć miejsce , w którym dzieci są zaopiekowane przez swoich wolontariuszy, a wolontariusze przez Fundację, dlatego też od marca 2021r. prężnie działa program rozwojowy dla wszystkich osób, które regularnie działają w Fundacji.</p>
<p style="text-align: justify;">Dzięki formie pomocy online, możemy dotrzeć do każdego domu dziecka, które potrzebuje wsparcia, a każde dziecko może zostać przydzielone do najbardziej odpowiedniego dla niego korepetytora, bez względu na dzieląca ich odległość. W naszych szeregach mamy korepetytorów z takich krajów jak: Polska, Hiszpania, Francja, Szwajcaria, Norwegia, Szwecja, Niemcy, Wielka Brytania czy USA, ponadto forma online umożliwia sprawną realizację zastępstw, organizowanych po to aby żaden uczeń nie tracił zajęć.</p>
<p style="text-align: justify;">Już w ciągu pierwszych 10 miesięcy działalności przeprowadziliśmy ponad 2200 lekcji, a do akcji dołączyło 100 osób.</p>
<p><img loading="lazy" decoding="async" class="alignnone size-full wp-image-314" src="http://www.web-korki.pl/wp-content/uploads/2022/01/E5FDE421-064D-4222-BC1F-1724849EBC52-2-scaled.jpeg" alt="" width="2560" height="1707" srcset="https://www.web-korki.pl/wp-content/uploads/2022/01/E5FDE421-064D-4222-BC1F-1724849EBC52-2-scaled.jpeg 2560w, https://www.web-korki.pl/wp-content/uploads/2022/01/E5FDE421-064D-4222-BC1F-1724849EBC52-2-300x200.jpeg 300w" sizes="auto, (max-width: 2560px) 100vw, 2560px" /></p>
<p> </p>


<figure class="wp-block-gallery columns-0 is-cropped wp-block-gallery-1 is-layout-flex wp-block-gallery-is-layout-flex"><ul class="blocks-gallery-grid"></ul></figure>

<p>Od sierpnia 2020r. do listopada 2021r. działaliśmy jako projekt społeczny &#8222;Web-Korki&#8221;, realizowany w ramach olimpiady projektów społecznych „Zwolnieni z Teorii”,</p>
<p><a href="https://www.web-korki.pl/index.php/historia-fundacji/" class="more-link">Zobacz więcej<span class="screen-reader-text">HISTORIA FUNDACJI</span></a></p>

<!-- This site is optimized with the Yoast SEO plugin v17.9 - https://yoast.com/wordpress/plugins/seo/ -->
<title>HISTORIA FUNDACJI - Fundacja Web-korki</title>
<meta name="description" content="Pomysłodawczynią projektu oraz założycielką i prezeską naszej Fundacji jest 25-letnia Olga Kotyk, pasjonatka działalności społecznej." />
<meta name="robots" content="index, follow, max-snippet:-1, max-image-preview:large, max-video-preview:-1" />
<link rel="canonical" href="https://www.web-korki.pl/index.php/historia-fundacji/" />
<meta property="og:locale" content="pl_PL" />
<meta property="og:type" content="article" />
<meta property="og:title" content="HISTORIA FUNDACJI - Fundacja Web-korki" />
<meta property="og:description" content="Pomysłodawczynią projektu oraz założycielką i prezeską naszej Fundacji jest 25-letnia Olga Kotyk, pasjonatka działalności społecznej." />
<meta property="og:url" content="https://www.web-korki.pl/index.php/historia-fundacji/" />
<meta property="og:site_name" content="Fundacja Web-korki" />
<meta property="article:modified_time" content="2024-04-29T21:21:43+00:00" />
<meta property="og:image" content="http://www.web-korki.pl/wp-content/uploads/2022/01/E5FDE421-064D-4222-BC1F-1724849EBC52-2-scaled.jpeg" />
<meta name="twitter:card" content="summary_large_image" />
<meta name="twitter:label1" content="Szacowany czas czytania" />
	<meta name="twitter:data1" content="2 minuty" />
<script type="application/ld+json" class="yoast-schema-graph">{"@context":"https://schema.org","@graph":[{"@type":"WebSite","@id":"https://www.web-korki.pl/#website","url":"https://www.web-korki.pl/","name":"Fundacja Web-korki","description":"PODARUJMY DZIECIOM SW\u00d3J CZAS","potentialAction":[{"@type":"SearchAction","target":{"@type":"EntryPoint","urlTemplate":"https://www.web-korki.pl/?s={search_term_string}"},"query-input":"required name=search_term_string"}],"inLanguage":"pl-PL"},{"@type":"ImageObject","@id":"https://www.web-korki.pl/index.php/historia-fundacji/#primaryimage","inLanguage":"pl-PL","url":"http://www.web-korki.pl/wp-content/uploads/2022/01/E5FDE421-064D-4222-BC1F-1724849EBC52-2-scaled.jpeg","contentUrl":"http://www.web-korki.pl/wp-content/uploads/2022/01/E5FDE421-064D-4222-BC1F-1724849EBC52-2-scaled.jpeg"},{"@type":"WebPage","@id":"https://www.web-korki.pl/index.php/historia-fundacji/#webpage","url":"https://www.web-korki.pl/index.php/historia-fundacji/","name":"HISTORIA FUNDACJI - Fundacja Web-korki","isPartOf":{"@id":"https://www.web-korki.pl/#website"},"primaryImageOfPage":{"@id":"https://www.web-korki.pl/index.php/historia-fundacji/#primaryimage"},"datePublished":"2022-01-19T21:42:34+00:00","dateModified":"2024-04-29T21:21:43+00:00","description":"Pomys\u0142odawczyni\u0105 projektu oraz za\u0142o\u017cycielk\u0105 i prezesk\u0105 naszej Fundacji jest 25-letnia Olga Kotyk, pasjonatka dzia\u0142alno\u015bci spo\u0142ecznej.","breadcrumb":{"@id":"https://www.web-korki.pl/index.php/historia-fundacji/#breadcrumb"},"inLanguage":"pl-PL","potentialAction":[{"@type":"ReadAction","target":["https://www.web-korki.pl/index.php/historia-fundacji/"]}]},{"@type":"BreadcrumbList","@id":"https://www.web-korki.pl/index.php/historia-fundacji/#breadcrumb","itemListElement":[{"@type":"ListItem","position":1,"name":"Strona g\u0142\u00f3wna","item":"https://www.web-korki.pl/"},{"@type":"ListItem","position":2,"name":"HISTORIA FUNDACJI"}]}]}</script>
<!-- / Yoast SEO plugin. -->

Pomysłodawczynią projektu oraz założycielką i prezeską naszej Fundacji jest 25-letnia Olga Kotyk, pasjonatka działalności społecznej.

PODARUJMY DZIECIOM SWÓJ CZAS

Strona główna
