{"id":73,"date":"2022-01-16T15:24:16","date_gmt":"2022-01-16T15:24:16","guid":{"rendered":"http:\/\/www.web-korki.pl\/?page_id=73"},"modified":"2024-12-13T22:46:12","modified_gmt":"2024-12-13T22:46:12","slug":"dla-domow-dziecka-pieczy-zastepczej","status":"publish","type":"page","link":"https:\/\/www.web-korki.pl\/index.php\/dla-domow-dziecka-pieczy-zastepczej\/","title":{"rendered":"DLA DOM\u00d3W DZIECKA\/ PIECZY ZAST\u0118PCZEJ"},"content":{"rendered":"<p style=\"text-align: center;\">Aktualnie wsp\u00f3\u0142pracujemy z prawie 70 plac\u00f3wkami w Polsce, a rekrutacja do naszego programu rozpoczyna si\u0119 zawsze w sierpniu.\u00a0<\/p>\n<p style=\"text-align: center;\">Je\u015bli chcieliby Pa\u0144stwo, aby nasza fundacja obj\u0119\u0142a wsparciem Pa\u0144stwa plac\u00f3wk\u0119 prosimy o wys\u0142anie wiadomo\u015bci na adres mailowy: <a href=\"mailto:olga.kotyk@webkorki.pl\"><b>olga.kotyk@webkorki.pl\u00a0<\/b><\/a><\/p>\n<p><img loading=\"lazy\" decoding=\"async\" class=\"size-full wp-image-317 aligncenter\" src=\"http:\/\/www.web-korki.pl\/wp-content\/uploads\/2022\/01\/Projekt-bez-tytulu-4.png\" alt=\"\" width=\"800\" height=\"600\" srcset=\"https:\/\/www.web-korki.pl\/wp-content\/uploads\/2022\/01\/Projekt-bez-tytulu-4.png 800w, https:\/\/www.web-korki.pl\/wp-content\/uploads\/2022\/01\/Projekt-bez-tytulu-4-300x225.png 300w, https:\/\/www.web-korki.pl\/wp-content\/uploads\/2022\/01\/Projekt-bez-tytulu-4-768x576.png 768w, https:\/\/www.web-korki.pl\/wp-content\/uploads\/2022\/01\/Projekt-bez-tytulu-4-440x330.png 440w\" sizes=\"auto, (max-width: 800px) 100vw, 800px\" \/><\/p>\n\n\n<figure class=\"wp-block-gallery columns-0 is-cropped wp-block-gallery-1 is-layout-flex wp-block-gallery-is-layout-flex\"><ul class=\"blocks-gallery-grid\"><\/ul><\/figure>\n","protected":false},"excerpt":{"rendered":"<p>Aktualnie wsp\u00f3\u0142pracujemy z prawie 70 plac\u00f3wkami w Polsce, a rekrutacja do naszego programu rozpoczyna si\u0119 zawsze w sierpniu.\u00a0 Je\u015bli chcieliby<\/p>\n<p><a href=\"https:\/\/www.web-korki.pl\/index.php\/dla-domow-dziecka-pieczy-zastepczej\/\" class=\"more-link\">Zobacz wi\u0119cej<span class=\"screen-reader-text\">DLA DOM\u00d3W DZIECKA\/ PIECZY ZAST\u0118PCZEJ<\/span><\/a><\/p>\n","protected":false},"author":1,"featured_media":0,"parent":0,"menu_order":0,"comment_status":"closed","ping_status":"closed","template":"","meta":{"footnotes":""},"class_list":["post-73","page","type-page","status-publish","hentry"],"yoast_head":"<!-- This site is optimized with the Yoast SEO plugin v17.9 - https:\/\/yoast.com\/wordpress\/plugins\/seo\/ -->\n<title>DLA DOM\u00d3W DZIECKA\/ PIECZY ZAST\u0118PCZEJ - Fundacja Web-korki<\/title>\n<meta name=\"description\" content=\"Aktualnie wsp\u00f3\u0142pracujemy z 20 plac\u00f3wkami w Polsce, a rekrutacja do naszego programu rozpoczyna si\u0119 zawsze w sierpniu.\" \/>\n<meta name=\"robots\" content=\"index, follow, max-snippet:-1, max-image-preview:large, max-video-preview:-1\" \/>\n<link rel=\"canonical\" href=\"https:\/\/www.web-korki.pl\/index.php\/dla-domow-dziecka-pieczy-zastepczej\/\" \/>\n<meta property=\"og:locale\" content=\"pl_PL\" \/>\n<meta property=\"og:type\" content=\"article\" \/>\n<meta property=\"og:title\" content=\"DLA DOM\u00d3W DZIECKA\/ PIECZY ZAST\u0118PCZEJ - Fundacja Web-korki\" \/>\n<meta property=\"og:description\" content=\"Aktualnie wsp\u00f3\u0142pracujemy z 20 plac\u00f3wkami w Polsce, a rekrutacja do naszego programu rozpoczyna si\u0119 zawsze w sierpniu.\" \/>\n<meta property=\"og:url\" content=\"https:\/\/www.web-korki.pl\/index.php\/dla-domow-dziecka-pieczy-zastepczej\/\" \/>\n<meta property=\"og:site_name\" content=\"Fundacja Web-korki\" \/>\n<meta property=\"article:modified_time\" content=\"2024-12-13T22:46:12+00:00\" \/>\n<meta property=\"og:image\" content=\"http:\/\/www.web-korki.pl\/wp-content\/uploads\/2022\/01\/Projekt-bez-tytulu-4.png\" \/>\n<meta name=\"twitter:card\" content=\"summary_large_image\" \/>\n<meta name=\"twitter:label1\" content=\"Szacowany czas czytania\" \/>\n\t<meta name=\"twitter:data1\" content=\"1 minuta\" \/>\n<script type=\"application\/ld+json\" class=\"yoast-schema-graph\">{\"@context\":\"https:\/\/schema.org\",\"@graph\":[{\"@type\":\"WebSite\",\"@id\":\"https:\/\/www.web-korki.pl\/#website\",\"url\":\"https:\/\/www.web-korki.pl\/\",\"name\":\"Fundacja Web-korki\",\"description\":\"PODARUJMY DZIECIOM SW\\u00d3J CZAS\",\"potentialAction\":[{\"@type\":\"SearchAction\",\"target\":{\"@type\":\"EntryPoint\",\"urlTemplate\":\"https:\/\/www.web-korki.pl\/?s={search_term_string}\"},\"query-input\":\"required name=search_term_string\"}],\"inLanguage\":\"pl-PL\"},{\"@type\":\"ImageObject\",\"@id\":\"https:\/\/www.web-korki.pl\/index.php\/dla-domow-dziecka-pieczy-zastepczej\/#primaryimage\",\"inLanguage\":\"pl-PL\",\"url\":\"http:\/\/www.web-korki.pl\/wp-content\/uploads\/2022\/01\/Projekt-bez-tytulu-4.png\",\"contentUrl\":\"http:\/\/www.web-korki.pl\/wp-content\/uploads\/2022\/01\/Projekt-bez-tytulu-4.png\"},{\"@type\":\"WebPage\",\"@id\":\"https:\/\/www.web-korki.pl\/index.php\/dla-domow-dziecka-pieczy-zastepczej\/#webpage\",\"url\":\"https:\/\/www.web-korki.pl\/index.php\/dla-domow-dziecka-pieczy-zastepczej\/\",\"name\":\"DLA DOM\\u00d3W DZIECKA\/ PIECZY ZAST\\u0118PCZEJ - Fundacja Web-korki\",\"isPartOf\":{\"@id\":\"https:\/\/www.web-korki.pl\/#website\"},\"primaryImageOfPage\":{\"@id\":\"https:\/\/www.web-korki.pl\/index.php\/dla-domow-dziecka-pieczy-zastepczej\/#primaryimage\"},\"datePublished\":\"2022-01-16T15:24:16+00:00\",\"dateModified\":\"2024-12-13T22:46:12+00:00\",\"description\":\"Aktualnie wsp\\u00f3\\u0142pracujemy z 20 plac\\u00f3wkami w Polsce, a rekrutacja do naszego programu rozpoczyna si\\u0119 zawsze w sierpniu.\",\"breadcrumb\":{\"@id\":\"https:\/\/www.web-korki.pl\/index.php\/dla-domow-dziecka-pieczy-zastepczej\/#breadcrumb\"},\"inLanguage\":\"pl-PL\",\"potentialAction\":[{\"@type\":\"ReadAction\",\"target\":[\"https:\/\/www.web-korki.pl\/index.php\/dla-domow-dziecka-pieczy-zastepczej\/\"]}]},{\"@type\":\"BreadcrumbList\",\"@id\":\"https:\/\/www.web-korki.pl\/index.php\/dla-domow-dziecka-pieczy-zastepczej\/#breadcrumb\",\"itemListElement\":[{\"@type\":\"ListItem\",\"position\":1,\"name\":\"Strona g\\u0142\\u00f3wna\",\"item\":\"https:\/\/www.web-korki.pl\/\"},{\"@type\":\"ListItem\",\"position\":2,\"name\":\"DLA DOM\\u00d3W DZIECKA\/ PIECZY ZAST\\u0118PCZEJ\"}]}]}<\/script>\n<!-- \/ Yoast SEO plugin. -->","yoast_head_json":{"title":"DLA DOM\u00d3W DZIECKA\/ PIECZY ZAST\u0118PCZEJ - Fundacja Web-korki","description":"Aktualnie wsp\u00f3\u0142pracujemy z 20 plac\u00f3wkami w Polsce, a rekrutacja do naszego programu rozpoczyna si\u0119 zawsze w sierpniu.","robots":{"index":"index","follow":"follow","max-snippet":"max-snippet:-1","max-image-preview":"max-image-preview:large","max-video-preview":"max-video-preview:-1"},"canonical":"https:\/\/www.web-korki.pl\/index.php\/dla-domow-dziecka-pieczy-zastepczej\/","og_locale":"pl_PL","og_type":"article","og_title":"DLA DOM\u00d3W DZIECKA\/ PIECZY ZAST\u0118PCZEJ - Fundacja Web-korki","og_description":"Aktualnie wsp\u00f3\u0142pracujemy z 20 plac\u00f3wkami w Polsce, a rekrutacja do naszego programu rozpoczyna si\u0119 zawsze w sierpniu.","og_url":"https:\/\/www.web-korki.pl\/index.php\/dla-domow-dziecka-pieczy-zastepczej\/","og_site_name":"Fundacja Web-korki","article_modified_time":"2024-12-13T22:46:12+00:00","og_image":[{"url":"http:\/\/www.web-korki.pl\/wp-content\/uploads\/2022\/01\/Projekt-bez-tytulu-4.png"}],"twitter_card":"summary_large_image","twitter_misc":{"Szacowany czas czytania":"1 minuta"},"schema":{"@context":"https:\/\/schema.org","@graph":[{"@type":"WebSite","@id":"https:\/\/www.web-korki.pl\/#website","url":"https:\/\/www.web-korki.pl\/","name":"Fundacja Web-korki","description":"PODARUJMY DZIECIOM SW\u00d3J CZAS","potentialAction":[{"@type":"SearchAction","target":{"@type":"EntryPoint","urlTemplate":"https:\/\/www.web-korki.pl\/?s={search_term_string}"},"query-input":"required name=search_term_string"}],"inLanguage":"pl-PL"},{"@type":"ImageObject","@id":"https:\/\/www.web-korki.pl\/index.php\/dla-domow-dziecka-pieczy-zastepczej\/#primaryimage","inLanguage":"pl-PL","url":"http:\/\/www.web-korki.pl\/wp-content\/uploads\/2022\/01\/Projekt-bez-tytulu-4.png","contentUrl":"http:\/\/www.web-korki.pl\/wp-content\/uploads\/2022\/01\/Projekt-bez-tytulu-4.png"},{"@type":"WebPage","@id":"https:\/\/www.web-korki.pl\/index.php\/dla-domow-dziecka-pieczy-zastepczej\/#webpage","url":"https:\/\/www.web-korki.pl\/index.php\/dla-domow-dziecka-pieczy-zastepczej\/","name":"DLA DOM\u00d3W DZIECKA\/ PIECZY ZAST\u0118PCZEJ - Fundacja Web-korki","isPartOf":{"@id":"https:\/\/www.web-korki.pl\/#website"},"primaryImageOfPage":{"@id":"https:\/\/www.web-korki.pl\/index.php\/dla-domow-dziecka-pieczy-zastepczej\/#primaryimage"},"datePublished":"2022-01-16T15:24:16+00:00","dateModified":"2024-12-13T22:46:12+00:00","description":"Aktualnie wsp\u00f3\u0142pracujemy z 20 plac\u00f3wkami w Polsce, a rekrutacja do naszego programu rozpoczyna si\u0119 zawsze w sierpniu.","breadcrumb":{"@id":"https:\/\/www.web-korki.pl\/index.php\/dla-domow-dziecka-pieczy-zastepczej\/#breadcrumb"},"inLanguage":"pl-PL","potentialAction":[{"@type":"ReadAction","target":["https:\/\/www.web-korki.pl\/index.php\/dla-domow-dziecka-pieczy-zastepczej\/"]}]},{"@type":"BreadcrumbList","@id":"https:\/\/www.web-korki.pl\/index.php\/dla-domow-dziecka-pieczy-zastepczej\/#breadcrumb","itemListElement":[{"@type":"ListItem","position":1,"name":"Strona g\u0142\u00f3wna","item":"https:\/\/www.web-korki.pl\/"},{"@type":"ListItem","position":2,"name":"DLA DOM\u00d3W DZIECKA\/ PIECZY ZAST\u0118PCZEJ"}]}]}},"_links":{"self":[{"href":"https:\/\/www.web-korki.pl\/index.php\/wp-json\/wp\/v2\/pages\/73","targetHints":{"allow":["GET"]}}],"collection":[{"href":"https:\/\/www.web-korki.pl\/index.php\/wp-json\/wp\/v2\/pages"}],"about":[{"href":"https:\/\/www.web-korki.pl\/index.php\/wp-json\/wp\/v2\/types\/page"}],"author":[{"embeddable":true,"href":"https:\/\/www.web-korki.pl\/index.php\/wp-json\/wp\/v2\/users\/1"}],"replies":[{"embeddable":true,"href":"https:\/\/www.web-korki.pl\/index.php\/wp-json\/wp\/v2\/comments?post=73"}],"version-history":[{"count":15,"href":"https:\/\/www.web-korki.pl\/index.php\/wp-json\/wp\/v2\/pages\/73\/revisions"}],"predecessor-version":[{"id":1439,"href":"https:\/\/www.web-korki.pl\/index.php\/wp-json\/wp\/v2\/pages\/73\/revisions\/1439"}],"wp:attachment":[{"href":"https:\/\/www.web-korki.pl\/index.php\/wp-json\/wp\/v2\/media?parent=73"}],"curies":[{"name":"wp","href":"https:\/\/api.w.org\/{rel}","templated":true}]}}

DLA DOMÓW DZIECKA/ PIECZY ZASTĘPCZEJ

<p style="text-align: center;">Aktualnie współpracujemy z prawie 70 placówkami w Polsce, a rekrutacja do naszego programu rozpoczyna się zawsze w sierpniu. </p>
<p style="text-align: center;">Jeśli chcieliby Państwo, aby nasza fundacja objęła wsparciem Państwa placówkę prosimy o wysłanie wiadomości na adres mailowy: <a href="mailto:olga.kotyk@webkorki.pl"><b>olga.kotyk@webkorki.pl </b></a></p>
<p><img loading="lazy" decoding="async" class="size-full wp-image-317 aligncenter" src="http://www.web-korki.pl/wp-content/uploads/2022/01/Projekt-bez-tytulu-4.png" alt="" width="800" height="600" srcset="https://www.web-korki.pl/wp-content/uploads/2022/01/Projekt-bez-tytulu-4.png 800w, https://www.web-korki.pl/wp-content/uploads/2022/01/Projekt-bez-tytulu-4-300x225.png 300w, https://www.web-korki.pl/wp-content/uploads/2022/01/Projekt-bez-tytulu-4-768x576.png 768w, https://www.web-korki.pl/wp-content/uploads/2022/01/Projekt-bez-tytulu-4-440x330.png 440w" sizes="auto, (max-width: 800px) 100vw, 800px" /></p>


<figure class="wp-block-gallery columns-0 is-cropped wp-block-gallery-1 is-layout-flex wp-block-gallery-is-layout-flex"><ul class="blocks-gallery-grid"></ul></figure>

<p>Aktualnie współpracujemy z prawie 70 placówkami w Polsce, a rekrutacja do naszego programu rozpoczyna się zawsze w sierpniu.  Jeśli chcieliby</p>
<p><a href="https://www.web-korki.pl/index.php/dla-domow-dziecka-pieczy-zastepczej/" class="more-link">Zobacz więcej<span class="screen-reader-text">DLA DOMÓW DZIECKA/ PIECZY ZASTĘPCZEJ</span></a></p>

<!-- This site is optimized with the Yoast SEO plugin v17.9 - https://yoast.com/wordpress/plugins/seo/ -->
<title>DLA DOMÓW DZIECKA/ PIECZY ZASTĘPCZEJ - Fundacja Web-korki</title>
<meta name="description" content="Aktualnie współpracujemy z 20 placówkami w Polsce, a rekrutacja do naszego programu rozpoczyna się zawsze w sierpniu." />
<meta name="robots" content="index, follow, max-snippet:-1, max-image-preview:large, max-video-preview:-1" />
<link rel="canonical" href="https://www.web-korki.pl/index.php/dla-domow-dziecka-pieczy-zastepczej/" />
<meta property="og:locale" content="pl_PL" />
<meta property="og:type" content="article" />
<meta property="og:title" content="DLA DOMÓW DZIECKA/ PIECZY ZASTĘPCZEJ - Fundacja Web-korki" />
<meta property="og:description" content="Aktualnie współpracujemy z 20 placówkami w Polsce, a rekrutacja do naszego programu rozpoczyna się zawsze w sierpniu." />
<meta property="og:url" content="https://www.web-korki.pl/index.php/dla-domow-dziecka-pieczy-zastepczej/" />
<meta property="og:site_name" content="Fundacja Web-korki" />
<meta property="article:modified_time" content="2024-12-13T22:46:12+00:00" />
<meta property="og:image" content="http://www.web-korki.pl/wp-content/uploads/2022/01/Projekt-bez-tytulu-4.png" />
<meta name="twitter:card" content="summary_large_image" />
<meta name="twitter:label1" content="Szacowany czas czytania" />
	<meta name="twitter:data1" content="1 minuta" />
<script type="application/ld+json" class="yoast-schema-graph">{"@context":"https://schema.org","@graph":[{"@type":"WebSite","@id":"https://www.web-korki.pl/#website","url":"https://www.web-korki.pl/","name":"Fundacja Web-korki","description":"PODARUJMY DZIECIOM SW\u00d3J CZAS","potentialAction":[{"@type":"SearchAction","target":{"@type":"EntryPoint","urlTemplate":"https://www.web-korki.pl/?s={search_term_string}"},"query-input":"required name=search_term_string"}],"inLanguage":"pl-PL"},{"@type":"ImageObject","@id":"https://www.web-korki.pl/index.php/dla-domow-dziecka-pieczy-zastepczej/#primaryimage","inLanguage":"pl-PL","url":"http://www.web-korki.pl/wp-content/uploads/2022/01/Projekt-bez-tytulu-4.png","contentUrl":"http://www.web-korki.pl/wp-content/uploads/2022/01/Projekt-bez-tytulu-4.png"},{"@type":"WebPage","@id":"https://www.web-korki.pl/index.php/dla-domow-dziecka-pieczy-zastepczej/#webpage","url":"https://www.web-korki.pl/index.php/dla-domow-dziecka-pieczy-zastepczej/","name":"DLA DOM\u00d3W DZIECKA/ PIECZY ZAST\u0118PCZEJ - Fundacja Web-korki","isPartOf":{"@id":"https://www.web-korki.pl/#website"},"primaryImageOfPage":{"@id":"https://www.web-korki.pl/index.php/dla-domow-dziecka-pieczy-zastepczej/#primaryimage"},"datePublished":"2022-01-16T15:24:16+00:00","dateModified":"2024-12-13T22:46:12+00:00","description":"Aktualnie wsp\u00f3\u0142pracujemy z 20 plac\u00f3wkami w Polsce, a rekrutacja do naszego programu rozpoczyna si\u0119 zawsze w sierpniu.","breadcrumb":{"@id":"https://www.web-korki.pl/index.php/dla-domow-dziecka-pieczy-zastepczej/#breadcrumb"},"inLanguage":"pl-PL","potentialAction":[{"@type":"ReadAction","target":["https://www.web-korki.pl/index.php/dla-domow-dziecka-pieczy-zastepczej/"]}]},{"@type":"BreadcrumbList","@id":"https://www.web-korki.pl/index.php/dla-domow-dziecka-pieczy-zastepczej/#breadcrumb","itemListElement":[{"@type":"ListItem","position":1,"name":"Strona g\u0142\u00f3wna","item":"https://www.web-korki.pl/"},{"@type":"ListItem","position":2,"name":"DLA DOM\u00d3W DZIECKA/ PIECZY ZAST\u0118PCZEJ"}]}]}</script>
<!-- / Yoast SEO plugin. -->

DLA DOMÓW DZIECKA/ PIECZY ZASTĘPCZEJ - Fundacja Web-korki

Aktualnie współpracujemy z 20 placówkami w Polsce, a rekrutacja do naszego programu rozpoczyna się zawsze w sierpniu.

PODARUJMY DZIECIOM SWÓJ CZAS

Strona główna
